{"id":1484,"date":"2022-03-29T15:29:38","date_gmt":"2022-03-29T14:29:38","guid":{"rendered":"https:\/\/nebenbeiblog.ch\/?page_id=1484"},"modified":"2022-10-23T12:55:40","modified_gmt":"2022-10-23T11:55:40","slug":"ganzer-inhalt","status":"publish","type":"page","link":"https:\/\/nebenbeiblog.ch\/?page_id=1484","title":{"rendered":"Inhalt"},"content":{"rendered":"\n<ul class=\"wp-block-list\"><li><a href=\"https:\/\/nebenbeiblog.ch\/?p=1530\" data-type=\"post\" data-id=\"1530\">Verdrehtes K\u00fcnstlergeschlecht<\/a><\/li><li><a href=\"https:\/\/nebenbeiblog.ch\/?p=1513\">Tschuggerei<\/a><\/li><li><a href=\"https:\/\/nebenbeiblog.ch\/?p=1480\">Gletscherwelt im Tram<\/a><\/li><li><a href=\"https:\/\/nebenbeiblog.ch\/?p=1470\">Attitude oder Attitude<\/a><\/li><li><a href=\"https:\/\/nebenbeiblog.ch\/?p=1155\">Kunstexkurs zu Baselitz<\/a><\/li><li><a href=\"https:\/\/nebenbeiblog.ch\/?p=547\">Sexistisches Bekenntnis<\/a><\/li><li><a href=\"https:\/\/nebenbeiblog.ch\/?p=816\">Anst\u00f6ssiges und Tucholsky<\/a><\/li><li><a href=\"https:\/\/nebenbeiblog.ch\/?p=933\">Unerw\u00fcnschte Nachhaltigkeit<\/a><\/li><li><a href=\"https:\/\/nebenbeiblog.ch\/?p=890\">Nicht daran denken!<\/a><\/li><li><a href=\"https:\/\/nebenbeiblog.ch\/?p=1028\">Wo bin ich?<\/a><\/li><li><a href=\"https:\/\/nebenbeiblog.ch\/?p=1134\">Bewerber(innen) gesucht<\/a><\/li><li><a href=\"https:\/\/nebenbeiblog.ch\/?p=1127\">Der Anw\u00e4rter als problematische Person<\/a><\/li><li><a href=\"https:\/\/nebenbeiblog.ch\/?p=1130\">Denkanstrengungen<\/a><\/li><li><a href=\"https:\/\/nebenbeiblog.ch\/?p=1100\">Ordnung beim Tanz<\/a><\/li><li><a href=\"https:\/\/nebenbeiblog.ch\/?p=1066\">Skurriles vom Fiskus<\/a><\/li><li><a href=\"https:\/\/nebenbeiblog.ch\/?p=1047\">Kampf um die Unterschrift<\/a><\/li><li><a href=\"https:\/\/nebenbeiblog.ch\/?p=1028\">Wo bin ich? <\/a><\/li><li><a href=\"https:\/\/nebenbeiblog.ch\/?p=1021\">Kurz, k\u00fcrzer, am k\u00fcrzesten<\/a><\/li><li><a href=\"https:\/\/nebenbeiblog.ch\/?p=1003\">Ein Tram, ein Tram!<\/a><\/li><li><a href=\"https:\/\/nebenbeiblog.ch\/?p=846\">F\u00fcllfeder-Oper in Holz<\/a><\/li><li><a href=\"https:\/\/nebenbeiblog.ch\/?p=877\">Opernromantik im B\u00fcro<\/a><\/li><li><a href=\"https:\/\/nebenbeiblog.ch\/?p=992\">Schuhnummer aus der Opernwelt<\/a><\/li><li><a href=\"https:\/\/nebenbeiblog.ch\/?p=1059\">Gefahren des Gesangs<\/a><\/li><li><a href=\"https:\/\/nebenbeiblog.ch\/?p=974\">Zungenfertigkeit<\/a><\/li><li><a href=\"https:\/\/nebenbeiblog.ch\/?p=968\">Bergbau und Prostituierte<\/a><\/li><li><a href=\"https:\/\/nebenbeiblog.ch\/?p=953\">Von Testungen und K\u00fcssungen<\/a><\/li><li><a href=\"https:\/\/nebenbeiblog.ch\/?p=980\">Verflixte Verimpfung<\/a><\/li><li><a href=\"https:\/\/nebenbeiblog.ch\/?p=897\">Unpigmentierte Musik<\/a><\/li><li><a href=\"https:\/\/nebenbeiblog.ch\/?p=871\">Spass mit dem Heiligen Geist<\/a><\/li><li><a href=\"https:\/\/nebenbeiblog.ch\/?p=864\">Locher ohne Knatsch<\/a><\/li><li><a href=\"https:\/\/nebenbeiblog.ch\/?p=855\">Internetbasierte Pizza<\/a><\/li><li><a href=\"https:\/\/nebenbeiblog.ch\/?p=826\">Spass oder nicht Spass<\/a><\/li><li><a href=\"https:\/\/nebenbeiblog.ch\/?p=906\">Superstars der Pandemie<\/a><\/li><li><a href=\"https:\/\/nebenbeiblog.ch\/?p=807\">Social Distancing ist verfehlt<\/a><\/li><li><a href=\"https:\/\/nebenbeiblog.ch\/?p=803\">Ist Homeoffice besser als Heimarbeit?<\/a><\/li><li><a href=\"https:\/\/nebenbeiblog.ch\/?p=784\">CxOlogie oder vorne ein C und hinten ein O<\/a><\/li><li><a href=\"https:\/\/nebenbeiblog.ch\/?p=778\">Verwirrende Selbstneoinvention<\/a><\/li><li><a href=\"https:\/\/nebenbeiblog.ch\/?p=774\">Grossmutter verpuppt<\/a><\/li><li><a href=\"https:\/\/nebenbeiblog.ch\/?p=767\">Jetzt wird es wieder pers\u00f6nlich<\/a><\/li><li><a href=\"https:\/\/nebenbeiblog.ch\/?p=709\">Komm weiter!<\/a><\/li><li><a href=\"https:\/\/nebenbeiblog.ch\/?p=286\">Lies mich nicht!<\/a><\/li><li><a href=\"https:\/\/nebenbeiblog.ch\/?p=704\">Auf in die Kultur!<\/a><\/li><li><a href=\"https:\/\/nebenbeiblog.ch\/?p=697\">Was k\u00fcmmern uns Zukunft und Vergangenheit?<\/a><\/li><li><a href=\"https:\/\/nebenbeiblog.ch\/?p=694\">Hunger in der Zahlenwelt?<\/a><\/li><li><a href=\"https:\/\/nebenbeiblog.ch\/?p=687\">Schiefes<\/a><\/li><li><a href=\"https:\/\/nebenbeiblog.ch\/?p=678\">Nach Schlieren mit Liebe?<\/a><\/li><li><a href=\"https:\/\/nebenbeiblog.ch\/?p=668\">Naturfreuden im Stromsee<\/a><\/li><li><a href=\"https:\/\/nebenbeiblog.ch\/?p=648\">Wagner zerfetzt<\/a><\/li><li><a href=\"https:\/\/nebenbeiblog.ch\/?p=643\">Sprachliches Sexualleben in der Politik<\/a><\/li><li><a href=\"https:\/\/nebenbeiblog.ch\/?p=631\">Provokative Ente<\/a><\/li><li><a href=\"https:\/\/nebenbeiblog.ch\/?p=616\">Elektronische Identit\u00e4tskrise<\/a><\/li><li><a href=\"https:\/\/nebenbeiblog.ch\/?p=611\">Shakespeare kennt man auswendig<\/a><\/li><li><a href=\"https:\/\/nebenbeiblog.ch\/?p=607\">Geschockt in der Enge der d\u00fcnnen Luft<\/a><\/li><li><a href=\"https:\/\/nebenbeiblog.ch\/?p=603\">Filmidole am Toiletteneingang<\/a><\/li><li><a href=\"https:\/\/nebenbeiblog.ch\/?p=585\">Chefdirigent gefalzt<\/a><\/li><li><a href=\"https:\/\/nebenbeiblog.ch\/?p=580\">Was f\u00fcr ein Tier ist das KMU?<\/a><\/li><li><a href=\"https:\/\/nebenbeiblog.ch\/?p=577\">Kunst im Hauptbahnhof<\/a><\/li><li><a href=\"https:\/\/nebenbeiblog.ch\/?p=561\">Endlich mehr digitale Werbung<\/a><\/li><li><a href=\"https:\/\/nebenbeiblog.ch\/?p=540\">Narrativ-Narrheit<\/a><\/li><li><a href=\"https:\/\/nebenbeiblog.ch\/?p=537\">Br\u00fcckenr\u00e4tsel<\/a><\/li><li><a href=\"https:\/\/nebenbeiblog.ch\/?p=528\">Nach Z\u00fcrchern suchen<\/a><\/li><li><a href=\"https:\/\/nebenbeiblog.ch\/?p=569\">Mutmassliche Mutmassungen<\/a><\/li><li><a href=\"https:\/\/nebenbeiblog.ch\/?p=515\">In die Luft nach oben gesprochen<\/a><\/li><li><a href=\"https:\/\/nebenbeiblog.ch\/?p=455\">Abgestumpft und zugespitzt<\/a><\/li><li><a href=\"https:\/\/nebenbeiblog.ch\/?p=510\">Gibt es Inkompetenzzentren?<\/a><\/li><li><a href=\"https:\/\/nebenbeiblog.ch\/?p=558\">Stadtrat wandelt digital<\/a><\/li><li><a href=\"https:\/\/nebenbeiblog.ch\/?p=505\">Regierungsirrtum<\/a><\/li><li><a href=\"https:\/\/nebenbeiblog.ch\/?p=291\">Reformkrimskrams<\/a><\/li><li><a href=\"https:\/\/nebenbeiblog.ch\/?p=297\">Mischfl\u00e4chenvertr\u00e4glich<\/a><\/li><li><a href=\"https:\/\/nebenbeiblog.ch\/?p=488\">Weltkatze und St\u00fctzpunktfeuer<\/a><\/li><li><a href=\"https:\/\/nebenbeiblog.ch\/?p=277\">Wie wird man j\u00fcnger?<\/a><\/li><li><a href=\"https:\/\/nebenbeiblog.ch\/?p=452\">Der kleinste ist der beste Nenner<\/a><\/li><li><a href=\"https:\/\/nebenbeiblog.ch\/?p=446\">\u00c4pfel-Birnen-Vergleich<\/a><\/li><li><a href=\"https:\/\/nebenbeiblog.ch\/?p=436\">Windm\u00fchlenk\u00e4mpfer<\/a><\/li><li><a href=\"https:\/\/nebenbeiblog.ch\/?p=423\">\u00abNebelspalter\u00bb und andere Trouvaillen in E-Periodica<\/a><\/li><li><a href=\"https:\/\/nebenbeiblog.ch\/?p=412\">Schweizer mit 5 Sternen<\/a><\/li><li><a href=\"https:\/\/nebenbeiblog.ch\/?p=397\">Wer ist eigentlich der Vordermann?<\/a><\/li><li><a href=\"https:\/\/nebenbeiblog.ch\/?p=373\">Oh wir Schafe!<\/a><\/li><li><a href=\"https:\/\/nebenbeiblog.ch\/?p=374\">Leitbild-Zirkus<\/a><\/li><li><a href=\"https:\/\/nebenbeiblog.ch\/?p=309\">Die Facility-Manager kommen<\/a><\/li><li><a href=\"https:\/\/nebenbeiblog.ch\/?p=307\">HR im st\u00e4dtischen Amt<\/a><\/li><li><a href=\"https:\/\/nebenbeiblog.ch\/?p=304\">Die Entenfrage<\/a><\/li><li><a href=\"https:\/\/nebenbeiblog.ch\/?p=312\">Radeln f\u00fcr Z\u00fcrich<\/a><\/li><li><a href=\"https:\/\/nebenbeiblog.ch\/?p=201\">Ausger\u00fcckt<\/a><\/li><li><a href=\"https:\/\/nebenbeiblog.ch\/?p=199\">Man geht aus<\/a><\/li><li><a href=\"https:\/\/nebenbeiblog.ch\/?p=159\">Quadratur des Kreises<\/a><\/li><li><a href=\"https:\/\/nebenbeiblog.ch\/?p=154\">Hymnenzwang<\/a><\/li><\/ul>\n","protected":false},"excerpt":{"rendered":"<p>Verdrehtes K\u00fcnstlergeschlecht Tschuggerei Gletscherwelt im Tram Attitude oder Attitude Kunstexkurs zu Baselitz Sexistisches Bekenntnis Anst\u00f6ssiges und Tucholsky Unerw\u00fcnschte Nachhaltigkeit Nicht daran denken! Wo bin ich? Bewerber(innen) gesucht Der Anw\u00e4rter als problematische Person Denkanstrengungen Ordnung beim Tanz Skurriles vom Fiskus Kampf um die Unterschrift Wo bin ich? Kurz, k\u00fcrzer, am k\u00fcrzesten Ein Tram, ein Tram! F\u00fcllfeder-Oper &hellip; <a href=\"https:\/\/nebenbeiblog.ch\/?page_id=1484\" class=\"more-link\"><span class=\"screen-reader-text\">&#8222;Inhalt&#8220; <\/span>weiterlesen<\/a><\/p>\n","protected":false},"author":3,"featured_media":0,"parent":0,"menu_order":0,"comment_status":"closed","ping_status":"closed","template":"","meta":{"footnotes":""},"class_list":["post-1484","page","type-page","status-publish","hentry"],"_links":{"self":[{"href":"https:\/\/nebenbeiblog.ch\/index.php?rest_route=\/wp\/v2\/pages\/1484","targetHints":{"allow":["GET"]}}],"collection":[{"href":"https:\/\/nebenbeiblog.ch\/index.php?rest_route=\/wp\/v2\/pages"}],"about":[{"href":"https:\/\/nebenbeiblog.ch\/index.php?rest_route=\/wp\/v2\/types\/page"}],"author":[{"embeddable":true,"href":"https:\/\/nebenbeiblog.ch\/index.php?rest_route=\/wp\/v2\/users\/3"}],"replies":[{"embeddable":true,"href":"https:\/\/nebenbeiblog.ch\/index.php?rest_route=%2Fwp%2Fv2%2Fcomments&post=1484"}],"version-history":[{"count":7,"href":"https:\/\/nebenbeiblog.ch\/index.php?rest_route=\/wp\/v2\/pages\/1484\/revisions"}],"predecessor-version":[{"id":1535,"href":"https:\/\/nebenbeiblog.ch\/index.php?rest_route=\/wp\/v2\/pages\/1484\/revisions\/1535"}],"wp:attachment":[{"href":"https:\/\/nebenbeiblog.ch\/index.php?rest_route=%2Fwp%2Fv2%2Fmedia&parent=1484"}],"curies":[{"name":"wp","href":"https:\/\/api.w.org\/{rel}","templated":true}]}}